= -4*a - 4. Let z(w) = 3*h(w) - 4*s(w). Let d be z(2). Let u(m) = m. What is u(d)?
3
Suppose 4*g + g = -25. Let m(l) = 4*l + 6. Let r(n) be the third derivative of -5*n**4/24 - 7*n**3/6 - n**2. Let f(s) = g*r(s) - 6*m(s). Determine f(-1).
-2
Let s(x) = -x**2 + 8*x - 7. Suppose 14 = -i + 3*i. Determine s(i).
0
Let m be 6/7*(-28)/(-6). Let g(a) = 3 + a**2 + 0*a**2 + 0*a**2 + m*a. What is g(-5)?
8
Let k = 9 - 15. Let x(c) = c**2 + 11*c + 9. Let r(u) = 2*u**2 + 21*u + 17. Let n(d) = -3*r(d) + 5*x(d). Calculate n(k).
6
Let b(z) = -z**3 + 2*z**2 + 3*z - 4. Let x be b(3). Let a(m) = -1 + 0 - 4*m**2 - m - 3 - m**3. Determine a(x).
0
Let m be ((-15)/(-6))/(2/4). Let z(x) = -x**2 + 5*x - 5. What is z(m)?
-5
Let c(x) be the third derivative of x**6/30 - x**5/30 + x**3/6 - 5*x**2. Suppose 0 = 5*d - 0*d + 5. What is c(d)?
-5
Let g be (-3 - -2)*-1*2. Suppose -12 + g = 2*k. Let t(u) = u**2 + 6*u + 4. Give t(k).
-1
Suppose -4*h + 12 = -g, -2*h + 9 = h + g. Let v = 6 - 4. Let y(t) = 2 + 6*t**v - 2*t**h + t**3 - 2*t - 5. Calculate y(5).
12
Let z = -12 - -7. Let t be (-10)/4*(-3 - z). Let k(l) = l**2 + 3*l - 4. Calculate k(t).
6
Let k(r) be the first derivative of -r**3/3 + r**2 + r + 1. Let d(u) = -u**3 - 10*u**2 - 11*u - 13. Let f be d(-9). Let p = 4 - f. What is k(p)?
-2
Suppose 0 = 5*n - 11*n - 36. Let t(s) = s + 7. Determine t(n).
1
Let r be -1*(-1 - (-6)/(-3)). Suppose -1 = 4*w + r. Let j(c) = 2*c**2 - c - 1. Give j(w).
2
Let t(u) = 3*u**3 - 19*u**2 + 3. Let s(f) = 4*f**3 - 28*f**2 + 5. Let l(a) = 5*s(a) - 7*t(a). What is l(-7)?
4
Let k(p) = -3*p**2 - 2*p + 4. Suppose 6*j + 3 = -9. Let f be (-1)/j - (-35)/(-10). Give k(f).
-17
Let r(h) be the third derivative of h**6/120 + h**5/20 - h**4/8 + 2*h**3/3 + 12*h**2. Give r(-3).
13
Let w = 3 + -2. Let n = 0 + 3. Let k(l) = 2*l**n + 3 - 2 - 6*l**3 - l**2 - l**3. Give k(w).
-5
Let g(c) = -2*c**3 + 3*c**2 - 4*c + 5. Let p(z) = -3*z**3 + 2*z**2 - 3*z + 4. Let o be 27/6 - (-3)/(-6). Let a(y) = o*p(y) - 3*g(y). Give a(-1).
6
Let p(q) = q**3 + 3*q**2 - 5*q - 5. Suppose -3*j + 12 = j. Suppose a = -3*a - 28. Let d = j + a. Determine p(d).
-1
Let b(l) = -3*l + 3. Suppose 2*j = 5*q + 32 - 7, -7 = 4*q + j. Determine b(q).
12
Let k(n) = -4 + 2*n - 2*n - n + 2*n. Let v be k(-3). Let f = v - -6. Let c(s) = 4*s**2 + s. What is c(f)?
3
Suppose 0 = -3*a + 8*a + 4*h + 10, 0 = 2*h + 10. Let v(d) = 3*d**a - 7*d**3 + d - 4*d**3 + 0*d + 10*d**3. Calculate v(3).
3
Let f(x) be the first derivative of x**3/3 - 3*x**2/2 + x + 9. What is f(4)?
5
Let n(u) = 2*u + u**2 - 1 - 2 - 1. Suppose -6*v = -8*v - 8. What is n(v)?
4
Let n(r) = r**2 + r - 2. Let k = 19 + -17. Give n(k).
4
Let s(v) = -v**2 + 3*v + 2. Let z = 4 - 2. Let h be (-1)/z + 7/2. Let i = h + -5. Calculate s(i).
-8
Let k(y) = -y**2 + 7*y + 6. Let g(a) = 2*a**2 + 12*a + 1. Let z be g(-6). Let o be 6 - z - (-4 + 2). What is k(o)?
6
Let m(u) = -26 + 7*u**2 - 8*u**2 - 9*u + 27. Give m(-8).
9
Let n(w) = -9*w**2 - w. Let q = -10 - -9. Let c(j) = 6*j**2 - 1 - j**3 - 3*j**2 - 4*j**2. Let o be c(q). Calculate n(o).
-8
Let z be 8/(-24) + (-16)/(-3). Let x(l) = -4*l**3 + 25*l**2 + 23*l - 37. Let r(a) = -a**3 + 6*a**2 + 6*a - 9. Let w(v) = 9*r(v) - 2*x(v). Determine w(z).
8
Let q(w) be the second derivative of -w**4/3 + 2*w**3/3 + 3*w**2/2 + 3*w. What is q(-2)?
-21
Suppose -7*h = -3*h - 16. Let i(q) = -3*q + q**2 + 6*q + 0*q + h. Suppose 0 = 3*k - 4*k - 3. What is i(k)?
4
Let h(n) = 20*n - 18. Let f be ((-68)/(-6))/(36/54). Let v(w) = -7*w + 6. Let j(u) = f*v(u) + 6*h(u). What is j(5)?
-1
Suppose 0*y + 4*y - 12 = 0. Suppose 5*o + 4 = y*o. Let s(b) be the second derivative of -b**5/20 - b**4/3 - b**3/6 + b**2 + 2*b. Determine s(o).
-4
Let t(g) = 2 + 16*g**2 + 12*g**2 + 16*g**2 + 9*g - 45*g**2. What is t(8)?
10
Let r(f) = -3*f - 16. Let h be r(-8). Let w(t) = -t**3 + 7*t**2 + 8*t + 5. Calculate w(h).
5
Suppose -16 = 4*r + 40. Let u be 57/21 - 4/r. Let a(f) = -f**3 + 3*f**2 - 4. Give a(u).
-4
Let r(l) = -3*l + 3. Let n(t) = -t + 1. Let x(h) = -4*n(h) + r(h). Calculate x(4).
3
Let o(x) be the second derivative of -x**5/20 + 3*x. Calculate o(2).
-8
Let p(a) = -12*a**2 - 5*a**2 + 15*a**2 - 8*a + 8 - 6*a**3. Let y(b) = b**3 + b**2 + b - 1. Let o(u) = -p(u) - 5*y(u). Calculate o(2).
-1
Let f(k) = -2*k. Let x(r) = -r. Let c(d) = -4*d - 5. Let g(a) = c(a) - 2*x(a). Let w be g(-6). Suppose -1 + w = 3*i. Give f(i).
-4
Let u(x) = x**2 + 4*x + 3. Suppose -5*f + 24 = -f. Suppose -3*s = d - 18, s + 0 = -2*d + 11. Suppose -d = 3*v + f. Give u(v).
0
Let r(v) be the first derivative of -v**2/2 - 6*v - 2. Let j be r(-6). Let f(b) = b**3 - b**2 + b - 4. Give f(j).
-4
Let c = 6 + -4. Let b(k) = k + 0 + 4 - 2*k - k**c. Determine b(3).
-8
Suppose -2*i - 3*i = -10. Let y(k) be the first derivative of 1 - 1/2*k**i + 0*k + 1/3*k**3. Determine y(-1).
2
Let d = -6 - -4. Let w be (-1 - (d - -4)) + -2. Let f(h) be the second derivative of -h**5/20 - 5*h**4/12 + h**3/6 - h**2/2 - 3*h. What is f(w)?
-6
Let q(h) = 7*h**3 - h + 1. Let t(z) = -z**3 - 2*z**2. Let b be t(-2). Let u = 1 + b. Determine q(u).
7
Let b(i) = -i + 1. Suppose 41 = -8*w - 15. Calculate b(w).
8
Let d(u) = -2*u**2 - 3*u - 3. Suppose o + o + 4 = 0. What is d(o)?
-5
Let y(s) = -s**2 + 7*s - 6. Let b be (-3)/12 - 29/(-4). Let l = 11 - b. What is y(l)?
6
Suppose 4*z - 11 = 13. Let r(v) = 7 - v**2 + 2*v**2 + 2*v - 3*v**2 - z. Calculate r(-1).
-3
Let g(v) be the first derivative of v**2/2 + 3. Suppose z = -5*c + 5*z + 15, -12 = -4*c + 4*z. Suppose -c*n = -4 + 1. Give g(n).
1
Let v be 24/(-9) + 1/(-3). Let m = v + 4. Let o(i) = -1 - m + 0*i - i - i. Determine o(-5).
8
Let w(k) = 5*k**3 - k**2. Suppose -4*v = -2*t, 4*t - 1 = v + 6. Determine w(v).
4
Let m(l) = -l - 2. Let w be 1 + 1*(2 - 0). Suppose 30 = -2*g + 4*i, 0 = 3*g + 4*i - w*i + 17. What is m(g)?
5
Let q = -89 - -93. Let o(d) = d**2 - 6*d + 1. Calculate o(q).
-7
Let x(n) = -3*n + 2*n**2 + 7*n + 0*n**2 - n**2. Determine x(-4).
0
Let z(w) = -3 + 2*w**2 - 2 + 4 - 4*w**3. Let h be z(-1). Let l(m) = m**2 - 4*m + 7. Determine l(h).
12
Let g(o) = 3*o - 1. Suppose -25 + 93 = 17*s. Determine g(s).
11
Let t = -6 - -8. Let j(g) = t + g - 1 - 2*g. Let q be -3*((-28)/(-42) + 0/(-2)). Give j(q).
3
Let y(j) be the second derivative of -j**3/6 - j**2 - 2*j. Let h be 18 - (-3)/(-1) - 3. Suppose 3*q - h = -t, 5*q = -2*t + 16 + 3. Determine y(t).
1
Let l = 0 - -3. Let g(n) be the third derivative of -n**4/24 - 40*n**2. Determine g(l).
-3
Let o(l) = -2*l + 4. Let j be 1*(3/3 + -1). Let w = j - -3. Calculate o(w).
-2
Let b(i) = 15*i**2 - 2*i + 5. Let j(u) be the first derivative of 10*u**3 - 2*u**2 + 11*u - 2. Let m(w) = -13*b(w) + 6*j(w). Calculate m(-1).
-16
Let s(u) = u**3 + 2*u**2 - 4*u - 2. Let h be s(-3). Suppose -g = -h - 4. Let f(a) = -2*a**2 + g*a - 5*a + 0*a**2 + a. Determine f(-1).
-3
Let t(a) = a**2 - 4*a - 5. Let u(p) = p - 1. Suppose 0 = d + 4*d - 30. Let g be u(d). Calculate t(g).
0
Let r be (-9 + 1)*(0 - 1). Suppose -r = f - 3*f. Let y(n) = -n + 5. What is y(f)?
1
Suppose -3*g + g - 4 = 0. Let s(k) = 2*k**3 + 2*k**2 - k + 1. What is s(g)?
-5
Let u(m) = -3*m - 3*m**2 + 4*m**3 - 2 - m**3 - 2*m**3. Let n = -5 + 9. What is u(n)?
2
Let b(r) = r + 1. Let o(j) = 6*j - 29. Let i be o(4). What is b(i)?
-4
Let g be -3*(-5 - -4)*(2 + -1). Let t(m) = m**2 - 5*m + 3. Give t(g).
-3
Let y = 3 + -6. Let x be 1/3 - 17/y. Let s = -2 + x. Let k(c) = -c**3 + 3*c**2 + 4*c - 4. What is k(s)?
-4
Suppose -2*p = 3*u - 11, 2*u - 2*p - 14 = -0. Suppose w = 2*x - 0*x + 5, w = -u*x - 2. Let t(v) = v**3 - 4*v**2 + 4*v - 2. What is t(w)?
1
Let z(j) be the second derivative of -j**3/3 + j**2/2 + j. Let m be (-5 - -2)*(-1)/3. Suppose 7 = 2*i + m. Give z(i).
-5
Let l = 9 + -15. Let i(v) = v**2 + 4*v - 7. Give i(l).
5
Suppose 6*j + 13 = 1. Let x(d) = -2*d**2 + 0*d + 0*d**2 - d**3 - 3*d. Determine x(j).
6
Let h(i) = -i**3 - 3*i**2 - 2*i - 2. Suppose -l - 2*l + 15 = 0. Suppose l*o - 16 = o. Let c = 1 - o. Give h(c).
4
Let t(i) be the first derivative of -3 - 1/4*i**4 + 2*i - 1/2*i**2 + 1/3*i**3. Calculate t(2).
-4
Let p be (3/2)/((-1)/(-2)). Let y = 6 - p. Let a(o) = 7*o - 3 - 5*o + 2*o. Determine a(y).
9
Let w(l) = -7*l. Let j be -3*((-3)/9 + 0). Calculate w(j).
-7
Let w(p) = -p**3 + 11*p**2 + 4 - 15*p**2 + 2*p**3 - 8. Calculate w(4).
-4
Let